of z and 51.
51
Suppose -4*t = -13 - 3. Suppose 1411 = -81*y + 1735. Suppose -812 = -t*k + 5*v - v, -y*k - 3*v + 847 = 0. Calculate the highest common divisor of 26 and k.
26
Let q be ((50 - -2) + -3)*(-4 - -5). Let a = q + -7. Let b be (-3)/(-2) - (-7)/(a/423). What is the greatest common divisor of b and 18?
18
Let z = 67728 + -44184. What is the highest common divisor of z and 72?
72
Suppose -6*m - 13 = 23. Let d(i) = i**2 - 7*i - 9. Let h be d(m). Calculate the greatest common factor of 46 and h.
23
Suppose -3*k = 5*k - 16. Suppose -k*a - a + 15 = 0. Suppose -28 = -a*i + 3*h, -30 = -5*i + 2*h + 3*h. What is the greatest common divisor of 5 and i?
5
Let p be (17/(-2))/(3/(-18)). Suppose -51*c - 25*c + 22*c = -4590. What is the highest common divisor of p and c?
17
Let g = -2258 - -2476. Calculate the highest common factor of 5886 and g.
218
Let n = -933 - -1010. What is the greatest common factor of 121 and n?
11
Suppose 4*q = 1352 - 1232. Suppose 305 = d - 70. Calculate the greatest common factor of d and q.
15
Let o(q) = 15*q - 261. Let p be o(18). What is the greatest common factor of 9306 and p?
9
Suppose -3*d - x + 1067 = 0, 4*x - 1778 - 5 = -5*d. What is the greatest common factor of 35 and d?
5
Let u = -19336 - -19588. Suppose 0 = -5*h - 25, i - h - 19 = 22. What is the greatest common divisor of i and u?
36
Let z(v) = v**3 - 11*v**2 - 13*v + 14. Let t be z(12). Let y = -1035 + 1064. Calculate the highest common divisor of y and t.
1
Let m = 259 - 36. Suppose -4*u = -m + 1363. Let l be (-1957)/u - (-2)/15. Calculate the greatest common factor of l and 77.
7
Let q = -4086 + 4821. What is the greatest common divisor of q and 7595?
245
Suppose -5*f = a - 304 - 474, -3*a + 2232 = -2*f. What is the highest common factor of 1972 and a?
68
Let c be (196/11)/((-28)/(-154)). What is the highest common factor of 10682 and c?
98
Let s(a) = a**3 + 7*a**2 + a + 13. Suppose -14 = 56*r - 54*r. Let h be s(r). Suppose 7*n = h*n + 180. What is the greatest common factor of n and 45?
45
Suppose 2559*q - 11210 = 2264*q. Suppose 0 = -5*u + 10 - 0. Calculate the greatest common divisor of u and q.
2
Let k(h) = h**3 + 8*h**2 - 14*h - 13. Let y be k(-9). Let x(r) = r**2 + 6*r + 11. Let z be x(-7). Let i = z + y. What is the highest common divisor of i and 20?
10
Let z(t) = t**2 + 21*t + 112. Let b be z(-34). Let c be b/18 - 24/(-108). What is the greatest common factor of c and 341?
31
Suppose 3*r + 10 = 22. Let u(a) = 0*a**2 + 12 - 9 + a + 9*a**3 - r*a - a**2. Let l be u(1). What is the highest common factor of l and 8?
8
Suppose 52*q = -14*q + 66660. Suppose -q*u = -1000*u - 140. What is the greatest common factor of u and 602?
14
Suppose -244*y + 2576 = -344880. Calculate the highest common divisor of y and 534.
178
Let o be (-351)/234 - 207/(-6). Calculate the highest common divisor of o and 57585.
33
Let q = -6974 - -7042. Calculate the greatest common divisor of 7616 and q.
68
Let t(g) = 8*g - 90. Let y be t(11). Let m = 30 + y. Suppose 0 = -4*f + f + 672. Calculate the greatest common divisor of m and f.
28
Suppose -188*h - 131*h + 1930511 = -96*h. Calculate the greatest common factor of h and 11.
11
Let k(c) = 5*c - 132. Let r be k(19). Let y = r + 69. Let a be (-2046)/(-8) + (-1)/(-4). What is the greatest common factor of a and y?
32
Suppose -14*o + o = -4056. Let j = 324 - o. Suppose -3*d = 2*d - 540. Calculate the greatest common factor of j and d.
12
Let f be 288 + -5 + 1 + -2. Let s = -162 + f. What is the greatest common divisor of 40 and s?
40
Let m(s) be the second derivative of 35*s**4/12 + 7*s**3/6 + 7*s**2/2 - 32*s. Let n be m(-1). Calculate the greatest common factor of n and 14.
7
Let q be (-1798)/6*(79 + -82). What is the greatest common factor of q and 93?
31
Suppose 113*x - 116*x = 4*p - 4814, 5*x = -4*p + 4810. Calculate the greatest common divisor of 9881 and p.
241
Suppose 0 = 4*m + 2 + 2. Let q(z) = 384*z**2 - z. Let t be q(m). Suppose -96 = -3*c + 3*k, -k + 392 - 214 = 5*c. What is the highest common factor of t and c?
35
Let s be (2 + -1)/((425/1292)/25). Calculate the greatest common divisor of 1026 and s.
38
Suppose 0 = 5*b - 0 - 15. Suppose -180 = 4*j - 2*p, 3*j + b*p - 6*p + 129 = 0. Let k = j + 77. What is the greatest common divisor of 10 and k?
10
Let g(v) = 2*v**2 + 24*v - 60. Let a be g(-15). Let b = 13 + -1. What is the greatest common factor of a and b?
6
Suppose -2*t + 5*a = -142, 8*a + 4 = 9*a. Calculate the greatest common divisor of 2 and t.
1
Suppose -5*y + 5*b = -55, -7*y = -8*y + 4*b + 2. What is the greatest common factor of y and 1358?
14
Let y = -529 - -529. Suppose -17*j - 51 + 187 = y. What is the highest common factor of 1112 and j?
8
Suppose 4*o = -5*o + 405. Suppose t = -5*z + o, -2*z + 3*t = -2*t - 45. Let r be 285*(22/6 - 3). Calculate the greatest common divisor of z and r.
10
Let u = -37687 - -37747. Suppose -5*a - 27 = -147. Calculate the greatest common factor of a and u.
12
Let h be (-3111)/(-18) + ((-2)/(-12))/1. Let y = h + -145. What is the greatest common divisor of 28 and y?
28
Suppose 0 = -3*f + 4*m, 5*f + 5 = -m - 18. Let t be (2/(-6))/(f - 92/(-24)). Calculate the greatest common factor of t and 1.
1
Suppose -7*v - 24*v = 1157 - 6489. Calculate the greatest common divisor of v and 4.
4
Suppose -224 = 2*d - 634. Let k = d - 171. What is the greatest common factor of k and 17?
17
Suppose 355*k - 360*k + 9651 = -2*v, -k = -5*v - 1967. What is the greatest common factor of 410 and k?
41
Suppose -g + 3*f = -389 + 56, -4*f - 24 = 0. Calculate the greatest common factor of g and 441.
63
Suppose 12*k - 836 = 1024. Suppose t + 5 = k. What is the greatest common divisor of t and 90?
30
Suppose -21*l + 20*l = 133. Let o be (-2)/14 - 1615/l. What is the highest common factor of 132 and o?
12
Let a = 413 + -770. Let f = -72 - a. Calculate the highest common factor of f and 380.
95
Let r(p) = -11*p**2 + 33*p + 36. Let u(v) = 7*v**2 - 22*v - 24. Let k(t) = 5*r(t) + 8*u(t). Let q be k(-4). What is the highest common divisor of 32 and q?
16
Suppose 18*t = -43*t + 4331. Calculate the greatest common factor of 3905 and t.
71
Suppose 12 = 3*v, -t + 852 = -5*v - 4. What is the greatest common divisor of 16 and t?
4
Let s(q) = -23*q + 35. Let p be s(-6). Suppose 0 = -5*l + 4*z + 224, -l - p = -5*l - 3*z. Calculate the greatest common factor of 11 and l.
11
Let l = -170 - -1049. Let t be l/7 - 141/(-329). Calculate the highest common divisor of 28 and t.
14
Let s be (-4)/(-14) - ((-4460)/70 - 2). Calculate the highest common factor of s and 42.
6
Suppose 9*t - 10*t + 152 = 0. Suppose -19*m = -2*m - 221. Suppose m*b - 228 = b. What is the highest common factor of t and b?
19
Suppose 178*c - 56352 = 171*c - 6267. What is the greatest common divisor of c and 90?
45
Let h(t) = 2*t**2 + 6*t + 5. Suppose -29*n - 50 = -31*n. Suppose -7 - n = 8*m. Let q be h(m). Calculate the highest common factor of q and 91.
13
Let n(b) = 2*b**2 - 12*b + 26. Let v be n(3). Let p be (-6)/v + 4186/56. Calculate the greatest common factor of 592 and p.
74
Suppose -10*j - 6885 = -8485. What is the greatest common factor of j and 608?
32
Let y be ((-13)/(-4) + -2)/(4/16). Suppose -5*i + 166 - 21 = 5*p, 0 = p - y*i - 17. Calculate the greatest common divisor of p and 216.
27
Suppose 0 = 4*x + 6*x - 110. Suppose 4*g + 0*g - 112 = 0. Let t = 39 - g. Calculate the greatest common factor of t and x.
11
Suppose 0 = -5*c + 4*g - 37 + 87, 2*g + 40 = 5*c. Calculate the highest common factor of 111 and c.
3
Let i be ((-22)/8 - -2)/(13/(-7318 + -14)). What is the greatest common factor of 376 and i?
47
Suppose -3*p + 3*p = -11*p. Suppose p = -17*d + 31 + 122. Let q be 2/(-4) + 19/2. What is the greatest common factor of q and d?
9
Suppose n + 1 = 17. Suppose n = 4*s - h, -3*h - 16 = h. Suppose s*t = 15, 0 = -3*m - t + 3*t + 485. What is the greatest common divisor of m and 15?
15
Let z be 7/(-2)*5/(70/(-1216)). What is the highest common divisor of z and 342?
38
Let y(v) = -5*v - 24*v**2 + 5*v**2 + 7*v**2 + 9*v**2. Let g be y(-4). Let n be 24/g + 1 + (-138)/(-14). Calculate the greatest common factor of n and 2.
2
Suppose -32 = -2*w - 56*d + 58*d, 0 = -13*w - d + 236. Suppose -6*f = -2*f - 16. Let s be 86/7 + f/(-14). Calculate the highest co